ue
Is 40872250373 a composite number?
False
Is 100252769 prime?
False
Is 623984638 a composite number?
True
Is 83171789693 a prime number?
False
Is 7568493541 composite?
True
Is 889891199 a composite number?
False
Is 1070706433 prime?
True
Is 1973867257 prime?
True
Is 63013777 prime?
True
Is 1391785991 composite?
False
Is 561939089 composite?
True
Is 23974899973 a composite number?
False
Is 11013602287 a prime number?
False
Is 271651669 a composite number?
True
Is 29674049789 a prime number?
True
Is 10851982783 composite?
True
Is 13601920037 composite?
True
Is 18746962699 composite?
False
Is 867879391 a prime number?
False
Is 56814097061 a prime number?
True
Is 7453427587 a prime number?
False
Is 338767217 prime?
True
Is 22469204801 composite?
False
Is 1730265539 composite?
False
Is 12651683923 composite?
False
Is 6122135911 prime?
True
Is 8375283269 composite?
False
Is 524840417 a prime number?
True
Is 7124785709 prime?
True
Is 82840547 composite?
False
Is 52954103 a composite number?
True
Is 3333784681 a prime number?
False
Is 2043300439 prime?
True
Is 1069615187 a composite number?
True
Is 68629027451 composite?
False
Is 50133366677 a prime number?
True
Is 19076125009 a prime number?
True
Is 10750587877 a composite number?
False
Is 542323877 composite?
True
Is 1120253 composite?
True
Is 11235045397 a prime number?
True
Is 10641256783 a prime number?
False
Is 1984014686 composite?
True
Is 763954021 a prime number?
True
Is 1051261433 a prime number?
True
Is 28996615243 a composite number?
True
Is 204143993 composite?
False
Is 2066753009 a composite number?
False
Is 669775781 a prime number?
True
Is 20552774497 composite?
True
Is 164225393 prime?
False
Is 2662049387 prime?
True
Is 41474417969 prime?
False
Is 981200177 prime?
True
Is 31438353431 composite?
False
Is 247649261 composite?
False
Is 18131057299 composite?
True
Is 2772946411 a composite number?
False
Is 1816342361 a prime number?
False
Is 2637777451 a composite number?
False
Is 22589192497 a prime number?
True
Is 1947898907 a composite number?
False
Is 609084929 a prime number?
False
Is 375092149 a prime number?
False
Is 1086073997 a composite number?
False
Is 10385440361 composite?
False
Is 1601493823 prime?
False
Is 2788438633 a prime number?
False
Is 71129931881 a prime number?
True
Is 604870069 a composite number?
True
Is 55883213 a composite number?
False
Is 1185575837 a composite number?
False
Is 185978930131 a composite number?
False
Is 1007977909 prime?
True
Is 2273266309 a prime number?
False
Is 17213996497 a composite number?
False
Is 69072842815 a composite number?
True
Is 877656457 a prime number?
True
Is 3458510501 composite?
True
Is 13794547057 a composite number?
False
Is 35054052899 a prime number?
False
Is 86228722129 a prime number?
False
Is 1081062161 composite?
False
Is 4536147449 a composite number?
True
Is 1753030453 a prime number?
True
Is 54249911 composite?
True
Is 9315971963 a composite number?
True
Is 28989803 composite?
True
Is 51447128573 a prime number?
True
Is 49537058257 a prime number?
False
Is 3316885541 prime?
False
Is 47620131553 prime?
False
Is 4866715367 prime?
False
Is 4178515391 a prime number?
False
Is 16352827397 a composite number?
True
Is 4268090291 composite?
False
Is 2068146797 composite?
True
Is 208756937 a composite number?
False
Is 2639648722 composite?
True
Is 626945981 a composite number?
False
Is 19724761487 a composite number?
False
Is 2642043581 a prime number?
True
Is 8269431019 a composite number?
False
Is 18634881631 prime?
False
Is 9162237079 a composite number?
False
Is 1540496023 prime?
False
Is 3531289243 a composite number?
False
Is 81919139 a prime number?
True
Is 2002761187 a composite number?
True
Is 15875360797 a composite number?
True
Is 12045550837 a composite number?
False
Is 2795152669 a prime number?
True
Is 323029349 prime?
True
Is 5756147947 composite?
True
Is 1668287371 a composite number?
True
Is 9588354143 prime?
False
Is 5043742423 a prime number?
False
Is 50146369807 prime?
True
Is 44049975733 a composite number?
True
Is 10929861497 a composite number?
False
Is 15326012147 a composite number?
True
Is 1582704941 a composite number?
False
Is 383101619 a prime number?
True
Is 37471349261 a composite number?
True
Is 7557291353 prime?
True
Is 26437651523 composite?
False
Is 169113075953 a prime number?
True
Is 847189087 prime?
False
Is 376004491 composite?
False
Is 78830249239 a prime number?
False
Is 1335456349 a composite number?
False
Is 4133818426 a composite number?
True
Is 32445574127 prime?
True
Is 14032709 composite?
False
Is 4919581213 a composite number?
True
Is 28195679819 a composite number?
False
Is 16204544053 prime?
False
Is 2292680141 a prime number?
True
Is 253819117 a prime number?
True
Is 5440942099 a prime number?
True
Is 6228534547 composite?
True
Is 9878368771 a prime number?
True
Is 11981464279 composite?
True
Is 2088498983 prime?
True
Is 9537145946 a composite number?
True
Is 8440673993 composite?
False
Is 93815708555 composite?
True
Is 3862987 composite?
False
Is 20613191539 prime?
True
Is 39626981321 a prime number?
False
Is 14261359873 prime?
True
Is 9810520859 prime?
False
Is 9316308121 a prime number?
False
Is 16218520811 composite?
False
Is 81563095553 a composite number?
False
Is 40203308941 a prime number?
False
Is 426878381 composite?
True
Is 5087844737 composite?
True
Is 32786026687 a composite number?
False
Is 7063753913 a prime number?
False
Is 231664447 prime?
False
Is 96879279277 a prime number?
False
Is 10838613103 a composite number?
False
Is 37970928131 prime?
False
Is 69794290379 prime?
False
Is 86024472221 composite?
False
Is 3349063313 composite?
False
Is 26727106943 prime?
True
Is 8661797983 prime?
True
Is 166486339 composite?
False
Is 6034185809 a composite number?
False
Is 1223096561 composite?
False
Is 473600833 a prime number?
True
Is 65298628289 prime?
True
Is 832644697 a prime number?
False
Is 785067929 a prime number?
True
Is 119910249281 composite?
False
Is 11713757613 a composite number?
True
Is 1693874423 a composite number?
True
Is 147030069713 prime?
True
Is 18444787 composite?
False
Is 117736558853 a prime number?
True
Is 1511178469 composite?
False
Is 45325345903 a prime number?
True
Is 29356693721 composite?
False
Is 48005560549 prime?
True
Is 61986332173 composite?
False
Is 1027128677 prime?
True
Is 10857922441 composite?
False
Is 19833359443 prime?
True
Is 496887551 a prime number?
False
Is 2037698209 a composite number?
True
Is 26400795137 a composite number?
False
Is 1901222993 a composite number?
True
Is 395868139 prime?
False
Is 4733278411 composite?
False
Is 7733734519 prime?
False
Is 1061010857 composite?
False
Is 1111035823 prime?
False
Is 1050104843 prime?
False
Is 3637186291 a prime number?
False
Is 84992316179 a composite number?
False
Is 14414510381 a prime number?
True
Is 36631122953 a prime number?
False
Is 1331602747 composite?
True
Is 29715388121 a composite number?
False
Is 868912489 prime?
True
Is 111890319673 composite?
True
Is 5990522077 a composite number?
True
Is 1825382683 composite?
True
Is 70996129499 a prime number?
True
Is 46479296009 a prime number?
False
Is 260224777 prime?
False
Is 339852509 prime?
True
Is 18489282893 prime?
True
Is 11460142307 composite?
True
Is 68413000823 a prime number?
False
Is 126457460797 prime?
False
Is 451076671 composite?
True
Is 707077769 a composite number?
False
Is 32053431619 a prime number?
False
Is 27679213931 prime?
False
Is 80023628653 prime?
True
Is 49748459311 composite?
True
Is 152355961 a prime number?
True
Is 295151383 prime?
False
Is 36155685703 prime?
False
Is 140279627 a prime number?
False
Is 59954695 prime?
False
Is 558044867 prime?
True
Is 3923047883 composite?
True
Is 266478533 composite?
True
Is 8264518609 prime?
True
Is 496530127 a composite number?
True
Is 1836492407 a composite number?
False
Is 44354572423 prime?
False
Is 661618739 a composite number?
False
Is 134666767 composite?
True
Is 1307932223 prime?
False
Is 6447066581 a composite number?
False
Is 3917097467 prime?
True
Is 1746264251 a composite number?
True
Is 77189772113 prime?
True
Is 1344141607 a prime number?
True
Is 2876276245 a composite number?
True
Is 545660039 prime?
False
Is 16221535039 a prime numbe